).
15
Let z(u) = -37*u**3 - u - 2. Calculate z(-1).
36
Let c(f) = -f - 20. What is c(-7)?
-13
Let j(c) = -5*c + 26. What is j(6)?
-4
Let w(i) = i**3 - 7*i**2 - 8*i + 16. Determine w(7).
-40
Let q(c) = 6*c**2 - 8*c + 21. Give q(5).
131
Let b(i) = -i - 18. Determine b(-13).
-5
Let t(o) = -9*o + 163. Determine t(18).
1
Let m(z) = 20*z - 10. Determine m(2).
30
Let n(k) = -4*k + 4. What is n(-2)?
12
Let x(v) = 2*v**2 - 9*v - 5. Give x(6).
13
Let k(f) = f**3 - f**2 - 8*f + 4. What is k(7)?
242
Let l(h) = -5*h - 7. Determine l(-4).
13
Let w(c) = c**3 - 32*c**2 - 35*c + 72. Determine w(33).
6
Let i(d) = -d**2 + 3*d. What is i(5)?
-10
Let n(q) = -q**2 - 10*q - 5. What is n(-3)?
16
Let d(y) = 6*y + 75. Calculate d(-12).
3
Let o(x) = -x**3 - 12*x**2 - 20*x + 9. What is o(-10)?
9
Let q(h) = 10*h + 5. Determine q(-2).
-15
Let h(g) = 2*g**2 + 45*g - 22. Determine h(-23).
1
Let u(y) = y**2 + 4*y. Give u(-4).
0
Let d(j) = -3*j**2 - j. Give d(-1).
-2
Let v(a) = -a**3 - 12*a**2 - 10*a - 11. What is v(-11)?
-22
Let y(l) = -l**3 + 4*l**2 + 6*l + 5. Determine y(5).
10
Let k(a) = a**3 - 9*a**2 + 15*a - 22. What is k(7)?
-15
Let m(w) = 2*w**2 + 3*w - 4. What is m(-3)?
5
Let r(p) = 11*p + 89. What is r(-8)?
1
Let t(b) = b**2 - 72*b + 6. Determine t(0).
6
Let d(s) = -5*s - 42. Determine d(-10).
8
Let s(o) = o**3 - 7*o**2 + 9*o - 10. Determine s(6).
8
Let n(f) = f**2 + 14*f + 29. Determine n(-11).
-4
Let z(d) = d**3 - 19*d**2 - 18*d - 41. What is z(20)?
-1
Let a(f) = -33*f + 1. Give a(0).
1
Let s(r) = -50*r**2. Give s(1).
-50
Let v(p) = -3*p**2 - 47*p + 21. Give v(-16).
5
Let k(t) = 96*t**3 - 2*t**2 + 1. Give k(1).
95
Let j(x) = x + 7. Calculate j(-8).
-1
Let g(c) = -c**3 - 15*c**2 - 37*c - 4. What is g(-12)?
8
Let b(p) = -p**3 - 11*p**2 - 2*p + 14. Calculate b(-11).
36
Let x(u) = 3*u + 81. Calculate x(-7).
60
Let w(m) = -2*m**2 - m + 67. Give w(-9).
-86
Let u(w) = w**2 + 11*w - 36. Determine u(-14).
6
Let l(n) = -n**3 - 11*n + 19. Give l(0).
19
Let h(s) = -3*s**2 - 24*s - 7. Give h(-8).
-7
Let c(b) = b**2 + 6*b - 33. Determine c(-9).
-6
Let s(i) = -8*i + 2. What is s(-1)?
10
Let a(f) = 2*f**3 + 6*f**2 - 2*f - 8. Calculate a(-4).
-32
Let z(u) = 2*u**2 - 5*u + 6. Calculate z(4).
18
Let w(s) = -21*s**3 + 3*s**2 - 2*s. Determine w(1).
-20
Let t(q) = 25*q - 161. Calculate t(7).
14
Let w(u) = -7*u - 164. Determine w(-23).
-3
Let o(q) = -11*q - 68. Give o(4).
-112
Let r(c) = -3*c**2 + 6*c + 17. Calculate r(-2).
-7
Let w(z) = -16*z + 1. Calculate w(7).
-111
Let d(b) = -b**3 - 8*b**2 + 8. Give d(-8).
8
Let y(v) = 18*v + 335. Give y(-19).
-7
Let s(x) = x**3 + 7*x**2 + 2*x - 18. Give s(-6).
6
Let a(j) = 29*j**3 + j + 1. Give a(1).
31
Let i(r) = -r**2 + 35*r + 101. Calculate i(37).
27
Let b(u) = -u**2 + 5*u - 2. Determine b(6).
-8
Let b(g) = 4*g**2 - 11*g + 5. What is b(4)?
25
Let n(t) = -6*t + 5. What is n(5)?
-25
Let r(m) = m**3 + 22*m**2 + 4*m + 76. Calculate r(-22).
-12
Let r(v) = -3*v**2 + 4*v + 129. What is r(-6)?
-3
Let s(h) = -h**3 + 6*h**2 - 4*h. Give s(6).
-24
Let p(t) = 3*t - 27. Determine p(13).
12
Let b(x) = x - 2. Give b(-7).
-9
Let z(j) = j - 19. Determine z(4).
-15
Let q(v) = v + 3. What is q(-11)?
-8
Let m(z) = 42*z - 11. Calculate m(1).
31
Let l(r) = 18*r - 44. Calculate l(2).
-8
Let k(w) = -3*w**2 + 3*w - 8. Calculate k(4).
-44
Let d(q) = q**3 - 4*q**2 - 24*q + 23. Determine d(7).
2
Let k(o) = o**2 - 3*o - 32. Give k(7).
-4
Let m(y) = -y**2 - 20*y - 88. What is m(-14)?
-4
Let p(q) = -q**3 - 3*q + 3. Give p(0).
3
Let c(l) = -l**3 + 8*l**2 - 13*l + 3. Calculate c(5).
13
Let d(v) = v**3 + 6*v**2 + 9*v + 5. Give d(-4).
1
Let p(b) = -b**3 - 27*b**2 + b + 45. Determine p(-27).
18
Let b(t) = 5*t**2 - 2*t + 1. Give b(2).
17
Let o(m) = -m**3 + 9*m**2 + 13*m - 9. What is o(10)?
21
Let c(o) = -28*o**2. Calculate c(-2).
-112
Let z(q) = q**2 + 8*q + 8. Determine z(-5).
-7
Let s(q) = -q**3 + 28*q**2 - 26*q + 9. Determine s(27).
36
Let q(k) = -k**3 + 24*k**2 - 42*k - 51. Calculate q(22).
-7
Let c(t) = -7*t - 1. Calculate c(-2).
13
Let w(n) = -n**2 + 12*n - 33. Give w(7).
2
Let a(r) = -r + 5. Determine a(5).
0
Let y(z) = -z**2 - 14*z. What is y(-13)?
13
Let g(m) = -m**3 - 4*m**2 + 2*m + 4. What is g(-4)?
-4
Let y(b) = -b**2 - 18*b + 28. Determine y(-21).
-35
Let z(r) = r**2 + 7*r + 42. Calculate z(0).
42
Let f(d) = 4*d - 12. What is f(10)?
28
Let n(b) = -b**3 - 11*b**2 - 22*b + 7. Determine n(-9).
43
Let l(z) = -23*z - 7. Give l(3).
-76
Let v(u) = 2*u**3 + 3*u**2 + 3. What is v(-3)?
-24
Let z(c) = -c**2 - 5*c + 6. Give z(-6).
0
Let a(d) = 12*d**2 - d + 2. What is a(2)?
48
Let v(x) = x**2 - 16*x + 22. Give v(14).
-6
Let m(r) = -2*r**2 - 54*r + 57. What is m(-28)?
1
Let w(q) = -4*q**2 + 13*q - 25. Determine w(2).
-15
Let q(k) = k**2 + k - 16. What is q(3)?
-4
Let j(o) = 2*o**3 - 13*o + 2. Give j(4).
78
Let u(c) = -4*c**2 + 13*c - 12. Give u(1).
-3
Let c(w) = -32*w + 776. What is c(24)?
8
Let t(w) = 2*w**2 - 19. Calculate t(-6).
53
Let n(b) = -2*b**2 - 13*b - 29. Calculate n(-3).
-8
Let k(m) = -3*m + 5. Determine k(5).
-10
Let g(a) = 25*a**2 - a + 1. Calculate g(1).
25
Let k(f) = -3*f + 7. Determine k(6).
-11
Let q(a) = a**2 - a + 1. Determine q(0).
1
Let d(v) = -4*v**2 + 13*v - 28. Calculate d(4).
-40
Let h(x) = -x**3 - 3*x**2 + 3*x + 8. What is h(-4)?
12
Let r(h) = -h**2 + 19*h + 39. Calculate r(21).
-3
Let g(u) = -u**2 + 21*u - 55. Calculate g(16).
25
Let l(n) = -11*n**3 - n**2 - 8. What is l(-2)?
76
Let g(y) = y**2 + 13*y + 44. Determine g(-9).
8
Let y(q) = -q**2 + 18*q - 65. Give y(5).
0
Let u(h) = h**2 + 12*h - 13. Give u(-8).
-45
Let t(j) = 2*j**2 + 13*j - 10. Determine t(-7).
-3
Let c(p) = 14*p - 64. What is c(4)?
-8
Let t(m) = m**3 - 4*m**2 + 4*m - 1. Determine t(3).
2
Let v(w) = -2*w - 11. What is v(-9)?
7
Let d(u) = -3*u**2 + 9*u - 17. Give d(3).
-17
Let g(f) = 2*f**3 + 4*f**2 - 11*f + 1. Calculate g(2).
11
Let k(i) = 21*i**3 + 2*i**2 - 4*i + 2. Give k(1).
21
Let i(n) = -2*n - 4. What is i(-3)?
2
Let u(f) = f**2 + 4. What is u(0)?
4
Let p(x) = 10*x**3 - 2*x**2 + 4*x + 6. Calculate p(-2).
-90
Let a(m) = -m**3 - 20*m**2 - 53*m - 27. What is a(-17)?
7
Let l(p) = -p**3 - 6*p**2 + 12*p - 31. Determine l(-8).
1
Let o(z) = z**2 - 18*z - 23. Calculate o(19).
-4
Let y(t) = -t**3 - 7*t**2 + t + 23. What is y(-7)?
16
Let b(n) = n**3 + 2*n**2 - 17*n - 12. Calculate b(-6).
-54
Let r(p) = p**2 - 9*p + 5. Give r(5).
-15
Let s(l) = -l**2 - 13*l + 7. Give s(-13).
7
Let g(q) = 4*q + 7. Give g(-3).
-5
Let f(a) = -13*a**2 - a - 14. Give f(-3).
-128
Let o(k) = -16*k - 12. Determine o(5).
-92
Let v(d) = -d**2 - d + 27. What is v(0)?
27
Let s(t) = t**3 - t**2 - t + 16. Determine s(0).
16
Let a(u) = u**2 - 8*u + 16. Determine a(6).
4
Let m(o) = -o**3 + 9*o**2 - 9*o - 6. Give m(7).
29
Let n(f) = -f**3 - 17*f**2 + 20*f + 34. Calculate n(-18).
-2
Let b(o) = 5*o + 75. Calculate b(-15).
0
Let b(m) = m + 95. Give b(0).
95
Let x(c) = -c**2 + 16*c + 1. Give x(17).
-16
Let o(k) = -2*k + 9. What is o(0)?
9
Let q(k) = 2*k**2 - 13. Calculate q(-4).
19
Let s(u) = -u**2 - 11*u - 14. Determine s(-10).
-4
Let b(l) = l**2 + 6*l + 10. What is b(-6)?
10
Let a(h) = -7*h**3 + h**2 - 2*h + 1. Determine a(1).
-7
Let l(z) = 2*z**3 + 6*z**2 + 6*z. Give l(-4).
-56
Let n(d) = 2*d - 22. What is n(0)?
-22
Let k(i) = -i**3 - 10*i**2 + 12*i + 25. Give k(-11).
14
Let x(r) = -r**2 + r + 3. Determine x(4).
-9
Let r(v) = -v - 3. Give r(-2).
-1
Let b(m) = -m + 37. Calculate b(23).
14
Let h(c) = -33*c**3 - c**2 - c + 1. Determine h(1).
-34
Let o(k) = -k**2 - k. Give o(-5).
-20
Let m(s) = s**3 - 4*s**2 - 6*s + 10. Calculate m(5).
5
Let a(g) = g**2 + 8*g. What is a(4)?
48
Let v(s) = s + 5. What is v(3)?
8
Let m(u) = u**2 + 15*u + 47. Give m(-5).
-3
Let u(h) = h**3 - 3*h**2 - h + 11. Calculate u(-2).
-7
Let d(r) = -64*r - 38. Determine d(-4).
218
Let k(v) = -v**2 - v + 16. What is k(6)?
-26
Let c(v) = 3*v**2 + 6*v - 5. Calculate c(-5).
40
Let j(o) = 5*o - 11. Calculate j(0).
-11
Let y(q) = -q + 7. What is y(4)?
3
Let l(o) = -2*o**3 + 5*o**2 + 12*o + 5. Calculate l(4).
5
Let g(v) = v**3 - 10*v**2 - 7*v - 11. Calculate g(11).
33
Let w(f) = -f - 13. Calculate w(-13).
0
Let w(t) = -t - 1. What is w(2)?
-3
Let l(j) = -2*j**2 + 15*j - 23. Determine l(10).
-73
Let q(h) = -9*h + 109. Determine q(11).
10
Let a(d) = d**3 + 3*d**2 + 2*d.